ed by 36?
9
Let u(m) = -m**2 - 10*m + 129. What is the remainder when 1412 is divided by u(6)?
26
Let o = -205 + 126. Let x = o - -73. Let p(i) = -24*i + 8. Calculate the remainder when p(x) is divided by 31.
28
Let m = -42 + 45. Suppose -s + 20 = 29. What is the remainder when (((-336)/s)/4)/(2/6) is divided by m?
1
Suppose -3*x + 7*x = 180. Let n = x + -6. Calculate the remainder when n is divided by ((-88)/(-2))/(13 - 11).
17
Calculate the remainder when 606 is divided by (7 + (-198)/36)*124.
48
Let o(b) = b**3 + 6*b**2 + 8*b + 9. Let s be o(-5). Let y be 2*-1*((-3 - -7) + s). What is the remainder when 3/3 - y/((-20)/325) is divided by 18?
12
Suppose -243*r + 724*r - 4329 = 0. What is the remainder when -3*(2 + 32/(-3)) is divided by r?
8
Let s(z) = z. Let p = -18 + -28. Let o = 48 + p. What is the remainder when 8 is divided by s(o)?
0
What is the remainder when 4/10*(-220)/(-8) + 111 is divided by 103?
19
Suppose -r + 28 = -3*y + 205, -5*y + 4*r + 288 = 0. Let l be (-8)/(-32) - (-90)/(-8). What is the remainder when y is divided by (-65)/(-2) + l/2 + 5?
28
Let z(r) = 76*r + 203. Let k be z(-8). Let d = -388 - k. What is the remainder when 93 is divided by d?
8
Suppose 0 = -4*c - c. Let o = 10480 - 10451. What is the remainder when -3 + 3 - (c - 57) is divided by o?
28
Suppose 0 = -152*h + 156*h - 64. Suppose -3*b + 28 = -4*m, -8*m + 9*m + h = 3*b. Calculate the remainder when 14 is divided by b.
2
Let y(x) = -x**2 + 6*x + 18. Let u be y(8). Suppose -3*h + 316 = 5*f, -u*f + 446 = 3*h + 145. Let a = h - -32. What is the remainder when a is divided by 22?
19
Let v(j) = -9*j + 47. Let l(y) = y**2 - y - 1. Let m(z) = 3*z**2 - 21*z - 3. Let w(o) = -4*l(o) + m(o). What is the remainder when v(5) is divided by w(-17)?
0
Suppose -3*z + 75 = 2*b, -2*z + b + 26 + 31 = 0. Calculate the remainder when z + -3 + (10 - 16) is divided by 8.
2
Let i = -834 - -904. Calculate the remainder when i is divided by 18.
16
Let m(s) = 1226*s + 14737. Calculate the remainder when 4/22 - (-6037)/11 is divided by m(-12).
24
Let v(d) be the third derivative of d**4/4 + 71*d**3/6 - 2*d**2 - 13*d. Calculate the remainder when v(7) is divided by 39.
35
Suppose -1343*u = -1360*u + 1122. What is the remainder when u is divided by 24?
18
Suppose r - 4*h = 84, -2*r + 0*r - 4*h = -132. Calculate the remainder when (3949/22)/((-1)/(-2)) is divided by r.
71
Let h(d) = -d**3 + 7*d**2 + 20*d - 10. Let k(r) = 6*r - 31. Let m be k(6). Suppose 9*i - 36 = m*i. Calculate the remainder when 23 is divided by h(i).
7
Suppose -5*i + 4*p = -235, 2*i = 4*p - 11 + 93. Suppose -i = -t - h, 2*t - 130 = 4*h + h. Calculate the remainder when t is divided by 21.
13
Suppose m = 4*w + 38, -2*m + 96 + 40 = 4*w. Let q = -30 + m. Suppose -30 = -2*d - d. Calculate the remainder when q is divided by d.
8
Let a = -25740 + 26785. Calculate the remainder when a is divided by 487.
71
Let h(f) = 7*f + 8. Let a be h(-8). Let r = a + 70. Suppose -48 = 158*j - 164*j. Calculate the remainder when r is divided by j.
6
Let f = 12700 - 12568. Calculate the remainder when f is divided by 36.
24
Let s = 13623 + -13281. Let q = 84 + -41. Calculate the remainder when s is divided by q.
41
Let b = 278 - 70. Let i = -197 + b. What is the remainder when i is divided by 6?
5
Suppose -40 = -14*k - 6*k. Suppose -s + k*s + 4*q = 196, 0 = -q. Calculate the remainder when s is divided by 9.
7
Let r(b) = b**2 - 17*b + 131. Suppose -2*f + 26 = 5*v + 4, 2*f - 4*v = 22. What is the remainder when r(f) is divided by 7?
2
Let u = 5463 - 5380. Calculate the remainder when 912 is divided by u.
82
Suppose 0 = 3*m + 2*j - 100, -98 = -3*m - 3*j + 2*j. What is the remainder when (2/4)/((-4)/(-1776)) is divided by m?
30
Calculate the remainder when 2066 is divided by (-213)/7455 - (-948)/105.
5
Suppose -10 = 2*u, -q + 4*u - 8*u - 325 = 0. Let w = q + 357. Calculate the remainder when w is divided by 18.
16
Let a be 4 + -2 - (-1 - 6/3). Suppose 8 = 3*b - 7. Suppose 5*f - 8*f + b*q = -306, 0 = -a*q. Calculate the remainder when f is divided by 52.
50
Let q = 784 - 433. Calculate the remainder when q is divided by 19.
9
Let q(z) = -33*z. Let s(r) = -14*r - 48. Let h be s(-4). Let l(m) = -3*m + 42. Calculate the remainder when q(-2) is divided by l(h).
12
Suppose -11*w = 4*w + 1031 - 2741. What is the remainder when 1821 is divided by w?
111
Let a(b) = -12*b - 124. Calculate the remainder when (-852)/9*((-5)/(-2) + -4) is divided by a(-11).
6
Suppose y - 14 = -f, -63*y - 52 = -5*f - 59*y. Calculate the remainder when ((-76)/(-12))/(2/18) is divided by f.
9
Suppose 0 = -16*a + 4965 + 2075. Let l = a + -377. Calculate the remainder when 122 is divided by l.
59
Suppose -4*r + 4404 = 3*u - 4048, -2*r = 3*u - 8444. What is the remainder when u is divided by 88?
84
Let g(x) = -2*x**2 - 24*x. Let i be g(-12). Let t = i - -31. Let h = -28 + t. What is the remainder when 10 is divided by h?
1
Suppose 2*c + 41*o - 37*o = 56, 21 = 3*o. What is the remainder when 5526 is divided by c?
10
Let k(j) = -5*j + 58. Let y be k(11). Let b = 3 + -1. Suppose 3*a = 3*p - 126, -p - 84 = -y*p - b*a. Calculate the remainder when p is divided by 11.
9
Suppose -2*n = -3*l + 44 - 7, 2*n - 8 = 0. Let g(j) = 2*j - 12. What is the remainder when g(l) is divided by 3?
0
Let b(s) = 5*s**2 - 8*s - 2. Let g(i) = i**2 - 22*i + 98. Let j be g(16). Let q = -3 - -5. Calculate the remainder when q is divided by b(j).
0
Let m = 1755 + -1750. Let t(k) = k + 15. Let j be t(-11). Calculate the remainder when (-2)/j + 259/14 is divided by m.
3
Let r be (10/(-14))/(1/(-7)). Suppose 0 = -r*t - 3*t + 64. Let z(q) = -q**3 + q**2 - q + 61. What is the remainder when z(0) is divided by t?
5
Let n be 1/((-35)/20 - -2). Suppose n*d - d = 99. Let m = -8 + d. Calculate the remainder when m is divided by 14.
11
Suppose -3*k - 2*w = -105, -22 = -2601*k + 2600*k - 5*w. Calculate the remainder when 97 is divided by k.
23
Let m(c) = 18*c**2 - 37*c + 142. Calculate the remainder when m(3) is divided by 103.
90
Suppose -2*x + 250 = 4*j, 3*j - 3*x - 118 - 65 = 0. Suppose 4*i = -13*z + 207, 2*z + z + 5*i = 7. What is the remainder when j is divided by z?
5
Suppose -2*b = -6, -3*b + 953 = 4*p - 16. Calculate the remainder when p is divided by 11.
9
Let a(b) = 4*b**2 - 4*b - 3. What is the remainder when a(-3) is divided by -12*57/76 + (-39)/(-1)?
15
Suppose 0 = 13*d - 24330 + 20417. Calculate the remainder when d is divided by 35.
21
Let t(c) = 48*c - 383. What is the remainder when t(13) is divided by 134?
107
Let w be 1/(-1*(-3)/(-15)). Let a be 1 + -4 - (1 - 0)*w. Let s(b) = 2*b**3 + 4*b**2 - b - 3. What is the remainder when 131 is divided by s(a)?
23
Let z = -33950 - -33965. Calculate the remainder when 32352 is divided by z.
12
Suppose -2*b - 6288 = b - 9*b. What is the remainder when b is divided by 347?
7
Suppose 4*s + 7224 = 5*d, 6*s = 4*d + 4*s - 5778. What is the remainder when d is divided by 97?
86
Let o = 154 - 151. Suppose 0 = -4*y - 2*c + 628, -5*y - c + o*c = -785. What is the remainder when y is divided by 10/(-1 + 10/8)?
37
Suppose 3*x = l + l + 16, -5*l - 10 = 0. Suppose 5*k + 68 = -4*y, x*y = -4*k + 3 - 67. Calculate the remainder when 34 is divided by (36/(y/(-4)))/((-4)/(-6)).
16
Let k = -159 - -161. Suppose -399 = -k*y - 33. What is the remainder when y is divided by 23?
22
Let d(b) = -87*b**3 + b**2 - b - 1. Suppose 32*t - 7*t = -550. What is the remainder when d(-1) is divided by -1 + (-18)/t - 870/(-66)?
10
Let k = 17829 + -17037. What is the remainder when k is divided by 62?
48
Let f = -53 - -57. Suppose -c = -f*i + 29, 0*c + 5*c = -3*i - 7. Suppose 2*u - q - 19 = 12, 0 = -3*q + 9. What is the remainder when u is divided by i?
5
Let q be (-1 - -4)*88/33. Let a = q + 47. Let g(k) = 3*k - 11. What is the remainder when a is divided by g(9)?
7
Suppose -2*s = 2*b - 148, 6*s - 297 = -4*b + s. Suppose -5*p - 3*p = -4*p. Suppose p*q - q + 121 = 5*u, q = -4. Calculate the remainder when b is divided by u.
23
Let b be 54/(-36)*(-258)/9. Suppose 2*o - 1 - b = 0. Let u(f) = 32*f**2 + 1. What is the remainder when u(2) is divided by o?
19
Suppose 3*u + u = n + 47, 47 = -n - u. Let v = n + 38. Calculate the remainder when 257 is divided by (-2)/(-18)*-3 - 390/v.
42
Suppose -d - 2*f - 5 = 